{"id":38,"date":"2024-02-02T11:01:46","date_gmt":"2024-02-02T11:01:46","guid":{"rendered":"https:\/\/helex.is\/?page_id=38"},"modified":"2024-02-02T11:20:41","modified_gmt":"2024-02-02T11:20:41","slug":"about","status":"publish","type":"page","link":"https:\/\/helex.is\/?page_id=38","title":{"rendered":"About us"},"content":{"rendered":"\t\t<div data-elementor-type=\"wp-page\" data-elementor-id=\"38\" class=\"elementor elementor-38\" data-elementor-post-type=\"page\">\n\t\t\t\t<div class=\"elementor-element elementor-element-1ee3ef7b e-flex e-con-boxed e-con e-parent\" data-id=\"1ee3ef7b\" data-element_type=\"container\">\n\t\t\t\t\t<div class=\"e-con-inner\">\n\t\t<div class=\"elementor-element elementor-element-1e463f6b e-con-full e-flex e-con e-child\" data-id=\"1e463f6b\" data-element_type=\"container\">\n\t\t\t\t<div class=\"elementor-element elementor-element-6c43b2c0 elementor-widget elementor-widget-heading\" data-id=\"6c43b2c0\" data-element_type=\"widget\" data-widget_type=\"heading.default\">\n\t\t\t\t<div class=\"elementor-widget-container\">\n\t\t\t\t\t<h1 class=\"elementor-heading-title elementor-size-default\">Helex<\/h1>\t\t\t\t<\/div>\n\t\t\t\t<\/div>\n\t\t\t\t<div class=\"elementor-element elementor-element-3e9b66bb elementor-widget elementor-widget-text-editor\" data-id=\"3e9b66bb\" data-element_type=\"widget\" data-widget_type=\"text-editor.default\">\n\t\t\t\t<div class=\"elementor-widget-container\">\n\t\t\t\t\t\t\t\t\t<p><strong>part.DTO<\/strong><\/p><p>IS.DTO.002<\/p><p><strong>Flight school<\/strong><\/p><p><strong>Helicopter type ratings on EC-120, B206, SE313<\/strong><\/p><p>\u00a0<\/p><p>We transport and store aircraft equipment &amp; parts. Storage facilites located at Hvaleyrarbraut 22 Hafnarfj\u00f6r\u00f0ur or Hallfr\u00ed\u00f0arsta\u00f0ir Akureyri<\/p>\t\t\t\t\t\t\t\t<\/div>\n\t\t\t\t<\/div>\n\t\t\t\t<\/div>\n\t\t<div class=\"elementor-element elementor-element-50adc97c e-con-full e-flex e-con e-child\" data-id=\"50adc97c\" data-element_type=\"container\" data-settings=\"{&quot;background_background&quot;:&quot;classic&quot;,&quot;background_motion_fx_motion_fx_scrolling&quot;:&quot;yes&quot;,&quot;background_motion_fx_devices&quot;:[&quot;desktop&quot;,&quot;tablet&quot;,&quot;mobile&quot;]}\">\n\t\t\t\t<\/div>\n\t\t\t\t\t<\/div>\n\t\t\t\t<\/div>\n\t\t<div class=\"elementor-element elementor-element-2987d1c3 e-flex e-con-boxed e-con e-parent\" data-id=\"2987d1c3\" data-element_type=\"container\">\n\t\t\t\t\t<div class=\"e-con-inner\">\n\t\t\t\t<div class=\"elementor-element elementor-element-3f1cefcc elementor-widget elementor-widget-heading\" data-id=\"3f1cefcc\" data-element_type=\"widget\" data-widget_type=\"heading.default\">\n\t\t\t\t<div class=\"elementor-widget-container\">\n\t\t\t\t\t<h2 class=\"elementor-heading-title elementor-size-default\">Information:<\/h2>\t\t\t\t<\/div>\n\t\t\t\t<\/div>\n\t\t\t\t<div class=\"elementor-element elementor-element-5279ed97 elementor-posts__hover-none elementor-grid-3 elementor-grid-tablet-2 elementor-grid-mobile-1 elementor-posts--thumbnail-top elementor-widget elementor-widget-posts\" data-id=\"5279ed97\" data-element_type=\"widget\" data-settings=\"{&quot;cards_row_gap&quot;:{&quot;unit&quot;:&quot;px&quot;,&quot;size&quot;:80,&quot;sizes&quot;:[]},&quot;cards_row_gap_tablet&quot;:{&quot;unit&quot;:&quot;px&quot;,&quot;size&quot;:71,&quot;sizes&quot;:[]},&quot;cards_row_gap_mobile&quot;:{&quot;unit&quot;:&quot;px&quot;,&quot;size&quot;:30,&quot;sizes&quot;:[]},&quot;cards_columns&quot;:&quot;3&quot;,&quot;cards_columns_tablet&quot;:&quot;2&quot;,&quot;cards_columns_mobile&quot;:&quot;1&quot;}\" data-widget_type=\"posts.cards\">\n\t\t\t\t<div class=\"elementor-widget-container\">\n\t\t\t\t\t\t\t<div class=\"elementor-posts-container elementor-posts elementor-posts--skin-cards elementor-grid\" role=\"list\">\n\t\t\t\t<article class=\"elementor-post elementor-grid-item post-55 post type-post status-publish format-standard has-post-thumbnail hentry category-information\" role=\"listitem\">\n\t\t\t<div class=\"elementor-post__card\">\n\t\t\t\t<a class=\"elementor-post__thumbnail__link\" href=\"https:\/\/helex.is\/?p=55\" tabindex=\"-1\" ><div class=\"elementor-post__thumbnail\"><img fetchpriority=\"high\" decoding=\"async\" width=\"576\" height=\"812\" src=\"https:\/\/helex.is\/wp-content\/uploads\/2024\/02\/OY-HHI-1.png\" class=\"attachment-full size-full wp-image-98\" alt=\"\" srcset=\"https:\/\/helex.is\/wp-content\/uploads\/2024\/02\/OY-HHI-1.png 576w, https:\/\/helex.is\/wp-content\/uploads\/2024\/02\/OY-HHI-1-213x300.png 213w\" sizes=\"(max-width: 576px) 100vw, 576px\" \/><\/div><\/a>\n\t\t\t\t<div class=\"elementor-post__text\">\n\t\t\t\t<h4 class=\"elementor-post__title\">\n\t\t\t<a href=\"https:\/\/helex.is\/?p=55\" >\n\t\t\t\tUppf\u00e6r\u00f0ur listi pr\u00f3fd\u00f3mara\t\t\t<\/a>\n\t\t<\/h4>\n\t\t\t\t<div class=\"elementor-post__excerpt\">\n\t\t\t<p>All the examiners are professional pilots with extensive experience and know what is expected of them. They are all harmonised<\/p>\n\t\t<\/div>\n\t\t\n\t\t<a class=\"elementor-post__read-more\" href=\"https:\/\/helex.is\/?p=55\" aria-label=\"Read more about Uppf\u00e6r\u00f0ur listi pr\u00f3fd\u00f3mara\" tabindex=\"-1\" >\n\t\t\tRead More\t\t<\/a>\n\n\t\t\t\t<\/div>\n\t\t\t\t\t<\/div>\n\t\t<\/article>\n\t\t\t\t<article class=\"elementor-post elementor-grid-item post-54 post type-post status-publish format-standard has-post-thumbnail hentry category-information\" role=\"listitem\">\n\t\t\t<div class=\"elementor-post__card\">\n\t\t\t\t<a class=\"elementor-post__thumbnail__link\" href=\"https:\/\/helex.is\/?p=54\" tabindex=\"-1\" ><div class=\"elementor-post__thumbnail\"><img decoding=\"async\" width=\"1000\" height=\"538\" src=\"https:\/\/helex.is\/wp-content\/uploads\/2024\/02\/Helex_marvel_uk_213.jpg\" class=\"attachment-full size-full wp-image-122\" alt=\"\" srcset=\"https:\/\/helex.is\/wp-content\/uploads\/2024\/02\/Helex_marvel_uk_213.jpg 1000w, https:\/\/helex.is\/wp-content\/uploads\/2024\/02\/Helex_marvel_uk_213-300x161.jpg 300w, https:\/\/helex.is\/wp-content\/uploads\/2024\/02\/Helex_marvel_uk_213-768x413.jpg 768w\" sizes=\"(max-width: 1000px) 100vw, 1000px\" \/><\/div><\/a>\n\t\t\t\t<div class=\"elementor-post__text\">\n\t\t\t\t<h4 class=\"elementor-post__title\">\n\t\t\t<a href=\"https:\/\/helex.is\/?p=54\" >\n\t\t\t\t\u00deyrfluflug &#8211; Pr\u00f3f og n\u00e1mskei\u00f0\t\t\t<\/a>\n\t\t<\/h4>\n\t\t\t\t<div class=\"elementor-post__excerpt\">\n\t\t\t<p>H\u00e9r ver\u00f0ur fjalla\u00f0 um allt sem vi\u00f0kemur \u00feyrluflugn\u00e1mi. The arena at the capitol Helex.<\/p>\n\t\t<\/div>\n\t\t\n\t\t<a class=\"elementor-post__read-more\" href=\"https:\/\/helex.is\/?p=54\" aria-label=\"Read more about \u00deyrfluflug &#8211; Pr\u00f3f og n\u00e1mskei\u00f0\" tabindex=\"-1\" >\n\t\t\tRead More\t\t<\/a>\n\n\t\t\t\t<\/div>\n\t\t\t\t\t<\/div>\n\t\t<\/article>\n\t\t\t\t<\/div>\n\t\t\n\t\t\t\t\t\t<\/div>\n\t\t\t\t<\/div>\n\t\t\t\t\t<\/div>\n\t\t\t\t<\/div>\n\t\t\t\t<\/div>\n\t\t","protected":false},"excerpt":{"rendered":"<p>Helex part.DTO IS.DTO.002 Flight school Helicopter type ratings on EC-120, B206, SE313 \u00a0 We transport and store aircraft equipment &amp; parts. Storage facilites located at Hvaleyrarbraut 22 Hafnarfj\u00f6r\u00f0ur or Hallfr\u00ed\u00f0arsta\u00f0ir Akureyri Information:<\/p>\n","protected":false},"author":1,"featured_media":0,"parent":0,"menu_order":0,"comment_status":"closed","ping_status":"closed","template":"elementor_header_footer","meta":{"footnotes":""},"class_list":["post-38","page","type-page","status-publish","hentry"],"_links":{"self":[{"href":"https:\/\/helex.is\/index.php?rest_route=\/wp\/v2\/pages\/38","targetHints":{"allow":["GET"]}}],"collection":[{"href":"https:\/\/helex.is\/index.php?rest_route=\/wp\/v2\/pages"}],"about":[{"href":"https:\/\/helex.is\/index.php?rest_route=\/wp\/v2\/types\/page"}],"author":[{"embeddable":true,"href":"https:\/\/helex.is\/index.php?rest_route=\/wp\/v2\/users\/1"}],"replies":[{"embeddable":true,"href":"https:\/\/helex.is\/index.php?rest_route=%2Fwp%2Fv2%2Fcomments&post=38"}],"version-history":[{"count":8,"href":"https:\/\/helex.is\/index.php?rest_route=\/wp\/v2\/pages\/38\/revisions"}],"predecessor-version":[{"id":105,"href":"https:\/\/helex.is\/index.php?rest_route=\/wp\/v2\/pages\/38\/revisions\/105"}],"wp:attachment":[{"href":"https:\/\/helex.is\/index.php?rest_route=%2Fwp%2Fv2%2Fmedia&parent=38"}],"curies":[{"name":"wp","href":"https:\/\/api.w.org\/{rel}","templated":true}]}}